es 44 divide 78292233?
False
Is 179 a factor of 30008276?
True
Is 256812600 a multiple of 66?
True
Does 184 divide 75166962?
False
Is 52 a factor of 92584080?
False
Is 140 a factor of 191450864?
False
Does 19 divide 8872507?
False
Does 83 divide 12940364?
True
Is 3059 a factor of 1095644226?
False
Does 42 divide 336458346?
True
Is 3968 a factor of 102505344?
True
Is 125 a factor of 2595750?
True
Does 4172 divide 3846963652?
True
Does 542 divide 43032999?
False
Is 77 a factor of 1299027786?
False
Is 479 a factor of 163984995?
False
Is 520421952 a multiple of 51?
True
Does 57 divide 2736513?
True
Is 245210678 a multiple of 5?
False
Is 952 a factor of 2397938536?
True
Is 30 a factor of 474792900?
True
Is 141453897 a multiple of 26?
False
Is 12 a factor of 118668216?
True
Does 3242 divide 47234462?
False
Is 35 a factor of 87889153?
False
Is 1587844304 a multiple of 194?
False
Is 37579320 a multiple of 47?
True
Does 47 divide 345685047?
True
Does 67 divide 20834948?
False
Does 14 divide 99477994?
True
Is 196193735 a multiple of 3397?
True
Is 25446564 a multiple of 143?
True
Is 14 a factor of 630854?
True
Is 77975490 a multiple of 145?
True
Is 39906415 a multiple of 378?
False
Is 969601260 a multiple of 6564?
True
Does 2813 divide 793662610?
False
Is 33 a factor of 3438376?
False
Is 90 a factor of 2641137117?
False
Is 25 a factor of 1085157650?
True
Is 10 a factor of 12769565?
False
Is 9543 a factor of 1746585994?
False
Is 67550360 a multiple of 8?
True
Does 210 divide 37007154?
False
Is 235074776 a multiple of 2466?
False
Is 145967 a multiple of 707?
False
Is 861606756 a multiple of 76?
True
Does 8 divide 5028855?
False
Is 106017768 a multiple of 2007?
True
Is 39 a factor of 76139856?
True
Is 11 a factor of 250268810?
True
Is 270394976 a multiple of 32?
True
Is 216 a factor of 712853890?
False
Is 13971362 a multiple of 2606?
False
Is 5889963 a multiple of 2?
False
Is 5634 a factor of 119337235?
False
Does 25 divide 14802191?
False
Does 3 divide 6696222?
True
Is 2 a factor of 44182866?
True
Does 398 divide 1587538556?
False
Is 41148380 a multiple of 3?
False
Is 159683677 a multiple of 111?
False
Is 3440520 a multiple of 87?
False
Is 22294382 a multiple of 2?
True
Is 96168140 a multiple of 502?
True
Is 283971151 a multiple of 41?
False
Does 3860 divide 121678644?
False
Does 50 divide 270706900?
True
Does 342 divide 679291679?
False
Is 2271103091 a multiple of 6364?
False
Is 6009 a factor of 747159060?
True
Is 591026898 a multiple of 913?
True
Is 3429882 a multiple of 18?
True
Is 119228287 a multiple of 41?
True
Is 67194350 a multiple of 10?
True
Is 8996576 a multiple of 76?
True
Is 5627 a factor of 2088993567?
False
Is 441620424 a multiple of 648?
True
Is 7188247 a multiple of 453?
False
Is 45048162 a multiple of 45?
False
Is 33 a factor of 140134481?
False
Does 196 divide 117119166?
False
Is 17 a factor of 2796821147?
True
Is 22510728 a multiple of 67?
False
Does 51 divide 12372906?
True
Is 30 a factor of 137671380?
True
Is 146 a factor of 143779048?
True
Does 1250 divide 105688083?
False
Is 8905731 a multiple of 127?
False
Does 10 divide 36412720?
True
Is 410400584 a multiple of 44?
True
Does 1426 divide 23463404?
True
Is 117 a factor of 3715218740?
False
Is 13 a factor of 1668301141?
True
Does 7 divide 508497776?
False
Is 343 a factor of 881896561?
True
Is 10906870 a multiple of 13?
True
Is 82 a factor of 25426068?
True
Is 156 a factor of 1394919351?
False
Does 1649 divide 131569560?
False
Is 1445019840 a multiple of 480?
True
Is 71 a factor of 4977655788?
True
Is 1627 a factor of 20388290?
False
Is 32465556 a multiple of 12?
True
Is 717731571 a multiple of 134?
False
Is 15 a factor of 12951852?
False
Is 58 a factor of 126699782?
True
Is 3873413 a multiple of 23?
False
Does 7387 divide 788133804?
True
Does 25 divide 244292300?
True
Is 71300862 a multiple of 332?
False
Is 14 a factor of 3496694656?
True
Does 4 divide 824341610?
False
Does 2 divide 4184935?
False
Is 35766562 a multiple of 26?
True
Is 22416572 a multiple of 17?
False
Is 17284224 a multiple of 736?
True
Does 8 divide 45975000?
True
Is 1201 a factor of 28451203?
False
Is 2003 a factor of 126248348?
False
Does 1192 divide 39604200?
True
Does 1919 divide 67809024?
False
Is 17 a factor of 45944611?
False
Is 123879732 a multiple of 1555?
False
Is 2148139031 a multiple of 350?
False
Does 2764 divide 853454100?
True
Does 44 divide 34817376?
True
Is 337072037 a multiple of 110?
False
Is 99753367 a multiple of 541?
True
Does 1670 divide 60876510?
True
Does 70 divide 274768115?
False
Is 19942408 a multiple of 356?
True
Is 2523 a factor of 60448877?
False
Does 5 divide 30033155?
True
Is 40645656 a multiple of 37?
False
Is 206693283 a multiple of 16?
False
Does 100 divide 31623000?
True
Is 89557100 a multiple of 50?
True
Does 16 divide 859760807?
False
Does 1770 divide 175476030?
True
Does 53 divide 263058981?
True
Does 141 divide 8140440?
False
Does 178 divide 1497082982?
False
Is 25 a factor of 81649575?
True
Is 125 a factor of 1960918500?
True
Is 1398724 a multiple of 178?
True
Does 5 divide 20009740?
True
Is 12 a factor of 55974976?
False
Does 3 divide 66347723?
False
Is 205 a factor of 66936190?
True
Does 6 divide 231113326?
False
Is 126910675 a multiple of 25?
True
Is 207 a factor of 10659672?
True
Does 531 divide 427503350?
False
Is 698122560 a multiple of 60?
True
Is 1210500540 a multiple of 18?
True
Does 703 divide 4630661?
True
Is 7253 a factor of 2333767862?
False
Does 8 divide 261784?
True
Is 12 a factor of 10914231?
False
Does 31 divide 701849052?
True
Does 1721 divide 293838377?
True
Does 2240 divide 8998080?
True
Is 67 a factor of 125940905?
True
Is 91487754 a multiple of 9?
True
Is 1992362033 a multiple of 20?
False
Is 5 a factor of 952223719?
False
Does 637 divide 381697516?
False
Is 151 a factor of 12401479?
True
Is 49 a factor of 387420770?
False
Is 211 a factor of 67982387?
False
Is 48 a factor of 3218065392?
True
Is 29 a factor of 19361903?
False
Is 438308499 a multiple of 251?
True
Is 611 a factor of 1624738817?
True
Is 127 a factor of 1212189587?
False
Does 1228 divide 141409305?
False
Is 23341273 a multiple of 330?
False
Does 38 divide 3410880?
True
Is 12116560 a multiple of 20?
True
Is 1227938786 a multiple of 1701?
False
Does 1470 divide 260784981?
False
Is 83 a factor of 1394900?
False
Does 7335 divide 31496490?
True
Does 20 divide 1066380406?
False
Is 1696793270 a multiple of 5?
True
Does 151 divide 143953585?
True
Is 16 a factor of 511552304?
True
Is 7586 a factor of 142413843?
False
Is 22894685 a multiple of 11?
True
Is 16267680 a multiple of 1716?
True
Is 2085183384 a multiple of 1402?
True
Does 1381 divide 1030397244?
True
Is 1414 a factor of 327833072?
True
Is 7 a factor of 59432262?
False
Is 12 a factor of 2643796811?
False
Is 16256016 a multiple of 48?
True
Is 2492915 a multiple of 95?
False
Does 45 divide 349845471?
False
Is 10 a factor of 646938720?
True
Is 13 a factor of 1133029339?
True
Is 19 a factor of 632899764?
False
Is 52 a factor of 4582448?
True
Is 152 a factor of 64025744?
True
Is 159786208 a multiple of 8?
True
Does 11 divide 1757052572?
True
Does 76 divide 42704856?
True
Is 67066390 a multiple of 874?
True
Is 20 a factor of 464182720?
True
Is 31544676 a multiple of 251?
True
Does 12 divide 2181386648?
False
Is 528047538 a multiple of 6?
True
Is 90334336 a multiple of 223?
False
Is 40 a factor of 179621668?
False
Does 425 divide 5240691575?
True
Does 226 divide 195821261?
False
Is 181 a factor of 269216654?
False
Is 72 a factor of 111082680?
True
Does 547 divide 118803477?
True
Is 1058564 a multiple of 15?
False
Is 97 a factor of 84355021?
False
Is 14 a factor of 16174102?
True
Is 1109 a factor of 278177124?
True
Does 1376 divide 78361663?
False
Is 94501836 a multiple of 572?
True
Is 92838801 a multiple of 356?
False
Is 3502242714 a multiple of 1063?
True
Is 765004130 a multiple of 35?
False
Is 22046373 a multiple of 13?
False
Is 3881 a factor of 11592547?
True
Does 28 divide 261338750?
False
Is 26 a factor of 1101667785?
False
Is 391 a factor of 982612716?
True
Does 2198 divide 37133012?
True
Is 15300286 a multiple of 249?
False
Does 309 divide 29686831?
False
Is 338 a factor of 5727410?
True
Is 600 a factor of 1945977927?
False
Does 31 divide